{"id":989,"date":"2017-02-28T01:03:10","date_gmt":"2017-02-28T01:03:10","guid":{"rendered":"http:\/\/grupoarca.com.co\/?page_id=989"},"modified":"2017-03-15T21:28:25","modified_gmt":"2017-03-15T21:28:25","slug":"service","status":"publish","type":"page","link":"https:\/\/grupoarca.com.co\/index.php\/service\/","title":{"rendered":"SERVICIOS"},"content":{"rendered":"<p>NUESTROS SERVICIOS Somos una empresa dedicada a la Promoci\u00f3n, Gerencia, Dise\u00f1o y Construcci\u00f3n de Proyectos Inmobiliarios, Obras de Construcci\u00f3n, Obras de Urbanismo, Obras de Accesibilidad para personas en condiciones de discapacidad, Edificios Inteligentes Automatizados <a href=\"https:\/\/grupoarca.com.co\/index.php\/service\/\" title=\"Read more on SERVICIOS\" class=\"more-link\">read more<\/a><\/p>\n","protected":false},"excerpt":{"rendered":"<p>NUESTROS SERVICIOS Somos una empresa dedicada a la Promoci\u00f3n, Gerencia, Dise\u00f1o y Construcci\u00f3n de Proyectos Inmobiliarios, Obras de Construcci\u00f3n, Obras de Urbanismo, Obras de Accesibilidad para personas en condiciones de discapacidad, Edificios Inteligentes Automatizados read more<\/p>\n","protected":false},"author":1,"featured_media":0,"parent":0,"menu_order":0,"comment_status":"closed","ping_status":"closed","template":"","meta":{"footnotes":""},"class_list":["post-989","page","type-page","status-publish","hentry","no-thumb"],"jetpack_sharing_enabled":true,"jetpack_shortlink":"https:\/\/wp.me\/P9U35Y-fX","_links":{"self":[{"href":"https:\/\/grupoarca.com.co\/index.php\/wp-json\/wp\/v2\/pages\/989","targetHints":{"allow":["GET"]}}],"collection":[{"href":"https:\/\/grupoarca.com.co\/index.php\/wp-json\/wp\/v2\/pages"}],"about":[{"href":"https:\/\/grupoarca.com.co\/index.php\/wp-json\/wp\/v2\/types\/page"}],"author":[{"embeddable":true,"href":"https:\/\/grupoarca.com.co\/index.php\/wp-json\/wp\/v2\/users\/1"}],"replies":[{"embeddable":true,"href":"https:\/\/grupoarca.com.co\/index.php\/wp-json\/wp\/v2\/comments?post=989"}],"version-history":[{"count":59,"href":"https:\/\/grupoarca.com.co\/index.php\/wp-json\/wp\/v2\/pages\/989\/revisions"}],"predecessor-version":[{"id":1627,"href":"https:\/\/grupoarca.com.co\/index.php\/wp-json\/wp\/v2\/pages\/989\/revisions\/1627"}],"wp:attachment":[{"href":"https:\/\/grupoarca.com.co\/index.php\/wp-json\/wp\/v2\/media?parent=989"}],"curies":[{"name":"wp","href":"https:\/\/api.w.org\/{rel}","templated":true}]}}